-76. Is (8817/9)/(v/30) a composite number?
False
Suppose -6*q + 182767 + 279839 = 0. Suppose 3*y - q = -2*y - m, 0 = -4*m - 16. Is y a composite number?
True
Suppose -19*c + 23*c + 319575 = 3*t, -4*c = 4*t - 426072. Is t a prime number?
False
Let v be 1325/(-8 - -3) - -5. Let o = 737 - v. Is o a prime number?
True
Suppose 4*w = 16 - 4. Let l be -224 + (0 + 2)/((-3)/w). Is -1*(l*4 - 1) a prime number?
False
Is (-1830870)/(-34) - (18/24)/(867/136) composite?
False
Let w(i) = 32*i**2 - 82*i + 47. Is w(11) composite?
True
Suppose -3*j - 5*a + 134442 + 76346 = 0, -18*j + 1264903 = -5*a. Is j composite?
False
Let x be (2*214)/(1/(-1)). Let i = -611 - x. Let j = i - -970. Is j a prime number?
True
Suppose -120810 = -4*i - 142*c + 140*c, -3*c - 3 = 0. Is i a composite number?
False
Let n(j) = j**3 - 2*j**2 - 13*j + 36. Let l(v) = v**3 + 11*v**2 - 12*v + 11. Let w be l(-12). Let f be n(w). Suppose d - 337 = f. Is d prime?
True
Let p(q) = 956*q**2 - 693*q - 10. Is p(-9) composite?
False
Suppose 569558935 = -527*z + 792*z. Is z a prime number?
False
Let z = 453 - 432. Is (53709/6)/(4 - z/6) prime?
True
Suppose -138*j = -71*j - 75*j + 1944584. Is j prime?
True
Let l(b) = -11*b**2 + 62*b + 42. Let p(v) = 7*v**2 - 41*v - 28. Let z(s) = -5*l(s) - 8*p(s). Let f be z(16). Suppose 0 = -3*q + 5*q - f. Is q a prime number?
True
Suppose 2*h - 5*h = -4*u + 99, -3*u + 48 = 3*h. Let k(l) = -2*l**2 + 41*l - 136. Let v be k(25). Let r = u - v. Is r composite?
True
Let x = -1 - -1. Suppose 7*h - 4420 + 353 = x. Is h a composite number?
True
Is 7*(-2)/(-22)*1080827 prime?
False
Let n = -382 - -384. Suppose -3*j + 1569 = -n*i, -4*i - 1575 = -9*j + 6*j. Is j a prime number?
True
Let v be (3/7)/((-24)/(-18984)). Suppose u - v - 3810 = -h, -5*u + 2*h = -20773. Is u a composite number?
False
Let u = 259031 - -171162. Is u a prime number?
True
Suppose 2*g - 11 = -u + 4, -16 = -4*g. Suppose -u*f = -4*f - 24777. Is f a composite number?
True
Is 6/10 - ((-300650678)/85)/37 prime?
True
Suppose -5*n = 4*g - 204104, -n - 37905 - 115173 = -3*g. Suppose 11*m - g - 27239 = 0. Is m prime?
False
Let t be (-811590)/(-25) + 2/5. Suppose 4844 + t = 6*x. Is x prime?
False
Let m = -30793 - -52686. Is m prime?
True
Let r(m) = 110*m**2 - 77*m + 701. Is r(30) a composite number?
True
Let o(c) = 24*c + 7. Let v be o(7). Let w be v/(-55) - (-4)/22. Is ((9564/8)/w)/((-1)/2) prime?
True
Suppose -r + 5*b + 2043 = 3*r, b - 1537 = -3*r. Let q = -627 - r. Let h = -232 - q. Is h composite?
False
Let n(a) = 725*a**2 + 120*a - 4. Is n(7) prime?
False
Let l(b) be the first derivative of -b**2/2 - 5*b - 31. Let h be l(-4). Is (1470/4 - h)/(2/4) composite?
True
Let p(o) = 1864*o**2 - 65*o - 27. Is p(6) a prime number?
False
Suppose 0 = -q + 3*f + 6035, -374*q + 377*q - 3*f - 18093 = 0. Is q prime?
True
Let j(n) = n**2 - 8*n - 13. Let q(p) = -3*p + 4. Let s be q(-3). Suppose -18 = -10*y + s*y. Is j(y) a composite number?
False
Let m be ((-5)/(-10))/((-4)/(-8)). Is 130/(-12)*(-7 + m) composite?
True
Let t be (5 - 2)/((15/(-9))/(-5)). Let w = 18 - t. Suppose -w*l - 1066 + 4837 = 0. Is l composite?
False
Let l = 476 - 187. Suppose 3*f + d - 899 = -0*f, -f - 3*d + l = 0. Is f composite?
True
Suppose -265*a = 25875971 - 38274993 - 126762283. Is a prime?
True
Suppose 142*j = 115*j + 425709. Is j composite?
False
Suppose 2*k - 5*t - 1507 = 96471, 5*k = -5*t + 244945. Suppose 0 = -4*u - i + k, 6*i - 10*i = 4*u - 48992. Is u prime?
False
Let x(n) = 2*n**2 - 26*n + 49. Let z be x(11). Is (-1)/(z - 11666/2333) composite?
False
Suppose 15 = -5*o - 5. Let a be (2/(-10))/((-86)/(-125990)). Is a/o*((-3)/(-3) - -3) prime?
True
Let h(f) = -2*f**2 + 13*f - 28. Let x be h(4). Is (x - -6)/(19876/6628 + -3) a prime number?
True
Suppose -2*a - a + 3 = 0, 2*h + 4*a = 56. Let x = 29 - h. Let l(d) = 33*d**3 + 2*d**2 - 2. Is l(x) a prime number?
True
Let f = 1267420 + 201937. Is f a composite number?
False
Let c(g) = 2*g**2 + 5*g + 493. Is c(0) a composite number?
True
Let x be (5 - (0 - 3))*7. Let v = -56 + x. Suppose -3*b + 617 + 1765 = v. Is b prime?
False
Let r = -585 - -599. Suppose r*s - 9*s - 1020 = -5*j, j = 3*s + 200. Is j a prime number?
False
Is (-130 + 44)*4594/(-4) - (-14)/7 a prime number?
True
Suppose 4*j = -5*p + 11 + 11, -p - 4*j + 14 = 0. Suppose -12674 = -2*i - p*y, -2*y = 4*i + y - 25344. Is i a prime number?
False
Let q be 48/(-9) - 2/3. Suppose -3*f + 12*b + 12600 = 9*b, -4209 = -f - 2*b. Is (-10)/15*f/q a prime number?
True
Let v(m) = m**2 - 5*m - 1. Let o be v(6). Suppose 40*y - o = 39*y. Suppose 0 = -y*j + j + 8380. Is j a composite number?
True
Let f = -319 + 415. Is (-75952)/(-34) + f/816 a prime number?
False
Let w = -2508405 + 3596368. Is w composite?
False
Let i(n) = -323*n + 188. Is i(-10) a prime number?
False
Let j = -71 + 77. Let m be 3026 + (9/6 - (-15)/j). Let p = -1711 + m. Is p a prime number?
True
Suppose -3*y + 1308559 = -5*s, 0 = -289*y + 288*y + 5*s + 436173. Is y prime?
False
Let h(k) = -k**3 - k + 6858. Let c be h(0). Let b = 4120 + -8321. Let a = b + c. Is a prime?
True
Let b(w) be the second derivative of 0*w**3 + 16*w + 0 - 3/2*w**2 + 13/2*w**4. Is b(3) a prime number?
False
Let r be (-14)/(-70) - -191*2/(-10). Let l be 1/2 + (-57)/r. Is 38698/66*l/(4/6) a composite number?
False
Suppose -3*q - w = -6298, 2195 = q + 3*w + 93. Is q a composite number?
False
Let f = 99 - 91. Is (-2847 - -1)*(0 - 44/f) prime?
False
Let b be 18/81 + 58/(-18). Is (-2)/b*44808/16 prime?
True
Suppose 4*n + 6 - 2 = 0, 0 = 3*z + 5*n - 151231. Is z/12 + 0/(-2) a composite number?
False
Let h(w) = 148*w**3 - 14*w**2 - 5*w - 97. Is h(12) composite?
True
Suppose -22*v + 12442871 = -4119673 - 114094. Is v composite?
False
Is (-350078)/9*(-9 + 18/4) prime?
True
Suppose -12*k = -4*k + 2*k. Suppose -15*u + 6520 + 8225 = k. Is u a prime number?
True
Suppose -x + 34 = -20. Let o = 58 - x. Suppose -o*c + 1204 = -2*r, 3*c + 5*r = c + 602. Is c a composite number?
True
Suppose 35*h - 1624328 = 7*h + 10411668. Is h composite?
True
Let q(z) be the third derivative of -91*z**4/8 - 121*z**3/6 + 119*z**2. Is q(-20) a composite number?
True
Let r = 974 - 663. Let i = -37 + r. Suppose 5*o + 3*k = 1230, 0 = -o + 7*k - 2*k + i. Is o a composite number?
True
Suppose f = 82*i - 86*i + 1525583, -27 = 3*f. Is i a composite number?
True
Suppose -6*i + 5*i - 2*d + 111297 = 0, 4*i - 4*d - 445212 = 0. Is i a prime number?
True
Is (-2)/(-4) + (-20)/56 + (-23603220)/(-70) composite?
False
Let w be -1*(-48 + 3 + -2). Let v = 69 - w. Suppose 19*m = v*m - 2973. Is m a composite number?
False
Is 64564/18 - 3*2/(-54) prime?
False
Let p = 11595 + -11596. Let x(q) be the first derivative of -3595*q**4/4 - 2*q**3/3 - q**2/2 + q - 1. Is x(p) a prime number?
False
Let a(l) = -64*l**2 - 19*l - 12. Let c(g) = 192*g**2 + 58*g + 37. Let i(m) = 11*a(m) + 4*c(m). Let z(h) be the first derivative of i(h). Is z(7) a prime number?
True
Let h(j) = -j**3 - 16*j**2 + 34*j - 41. Let v be h(-18). Is 3682 - 0 - v/5 composite?
True
Let g be 8/((-24)/(-21)) + 238. Suppose 256*f - 126049 = g*f. Is f composite?
True
Let g(j) = -482*j**3 - j**2 - 2*j - 2. Let l(r) = -2*r**2 - 27*r + 17. Let u be l(-14). Suppose u*q = -6 + 3. Is g(q) prime?
False
Is (1529578 - 42/(-6))/(-2 - -3 - 0) composite?
True
Let n(y) = 19*y**2 - 36*y - 12. Let l be n(20). Let c = l + -4237. Is c a composite number?
True
Let a = -141904 - -225993. Is a a prime number?
True
Let c(w) = 988*w**2 + 2*w. Let x be c(-2). Suppose 4*s = 1688 + x. Is s composite?
False
Let w(j) = -46*j - 5. Let m = 156 + -106. Suppose -4*x + 20 = 0, 5*q - 4*x = -3*x - m. Is w(q) a prime number?
True
Is 24216/(-18)*333/(-6)*7/14 a prime number?
False
Is ((-1206)/(-450)*-5)/((-1)/6635) prime?
False
Let x = -1193 + 2889. Suppose 0 = 143*h - 14*h + 58179 + 79206. Let n = x + h. Is n a composite number?
False
Suppose -306 = 7*v + 10*v. Is (-48609)/v*(-7)/(28/(-8)) a composite number?
True
Let r(m) = 3581*m - 433. Is r(94) a composite number?
False
Let f = 126034 + 7557. Is f composite?
True
Let p = -20648 + 10294. Let a = p - -17649. Is a a prime number?
False
Let f = 368020 - -137539. Is f prime?
True
Let y(m) = -24*m - 7. Let u(t) = t + 2. Let j be u(0). Suppose 2*b - 2*c = -2*b - 30, 3*b + j*c + 26 = 0. Is y(b) composite?
Tru